e m(c).
6
Suppose 0 = -2*x + 4*y - 11 + 3, -x + 8 = 2*y. Let n(g) = -x*g - 3*g**2 + 4*g + 5 - 6*g + 2*g**2. Calculate n(-4).
5
Let h = -7 - -11. Let x(r) be the third derivative of 1/12*r**4 + 0 + 1/120*r**6 - 2*r**2 + 2/3*r**3 - 1/12*r**5 + 0*r. What is x(h)?
-4
Let t(o) = -o - 2. Let l(g) = -4*g**3 + g**2 - 1. Let p be l(-1). Suppose -3*s - s - i = -22, 4*i - 28 = -p*s. Suppose -s*u - 2 = 13. Determine t(u).
1
Suppose -4*q - 17 = -4*l - l, l - 5 = 0. Let x(h) = -2 + 1 + 4 - h + q*h. Determine x(-3).
0
Let a(z) be the first derivative of -z**4/4 - z**3 + z**2/2 - 2*z - 36. Calculate a(-3).
-5
Suppose -5 = 6*f + 7. Let d(s) = -3*s**3 - 2*s**2 - 2*s - 3. Give d(f).
17
Let t(f) be the third derivative of -f**5/60 - 5*f**4/24 + f**3/6 + 3*f**2. Suppose 8 = -3*x + x. Let r be 30/12*(2 + x). Give t(r).
1
Let z be (4/10*5)/(-2) - -2. Let d(j) = 4*j + 1. What is d(z)?
5
Let u(l) be the third derivative of -l**6/120 - l**5/60 + l**4/6 + l**3/2 + 9*l**2. Give u(-2).
-1
Let t(q) be the first derivative of 2 + 0*q**4 - 1/6*q**3 + 0*q + q**2 - 1/120*q**6 - 1/60*q**5. Let z(i) be the second derivative of t(i). What is z(-2)?
3
Let z(d) be the first derivative of -d**5/20 - d**3/6 - d**2 + 2*d + 3. Let j(l) be the first derivative of z(l). Give j(0).
-2
Let k(x) = -2*x**2 + 2*x - 1. Let j = -5 + 6. Let h be k(j). Let m be (-8)/(-6)*(2 - h). Let v(c) = -c**3 + 4*c**2 + 2*c + 4. Calculate v(m).
12
Suppose 3*a - 19 = 5*v - 0, 5*v = -10. Let w(s) = 3*s - 2*s**3 - 4*s**2 + 3*s**3 - 2*s + a*s**2. Give w(1).
1
Suppose 0 = -12*p + 7*p. Suppose -4*y + 5*b - 20 = 0, 5*y + 3*b = b + 8. Suppose p = -2*d + 2*x + 6, 12 = -y*d - 2*d - 4*x. Let n(u) = -u**2 + u - 2. Give n(d).
-2
Let q(a) = 4*a - 5. Let z(u) = -u**3 - 7*u**2 - 6*u + 8. Let w be z(-6). Let l = -4 + w. Calculate q(l).
11
Let w(v) = v**2 - 3*v. Let s = -8 - -8. Suppose s = -2*q - 1 + 7. Let h = 0 + q. What is w(h)?
0
Let t(h) = h**3 - 9*h**2 + 7*h + 3. Let m be t(8). Let a(l) = l**2 + 3*l - 6. Let x be a(m). Suppose 0 = j + 9 - x. Let f(n) = -n - 3. Calculate f(j).
2
Let t(j) = 6*j - 1. Suppose 6 = -5*k + 26. Let r(a) = -5*a. Let s(p) = k*r(p) + 3*t(p). Suppose 6 = 2*m + 4*w, -m + 2*m - 2*w = -13. What is s(m)?
7
Let q(d) = -3 + 3 - 524*d + 533*d. What is q(-1)?
-9
Suppose -2*o + 0 = 10. Let y(n) = 1 + 4 + 7*n + 1 + n**2. Calculate y(o).
-4
Let v = -77 + 79. Let i(b) = -6 + 0 + 4*b + 2*b**2 + 3. Give i(v).
13
Let j(m) = 8*m**2 + m. Let v(l) = l**2 - 10*l - 23. Let g be v(12). Calculate j(g).
9
Suppose -2*x = -5*x + 9. Let u(t) = 3*t**3 - 2*t**2 - 7*t**3 + t + 3*t**x. Let v(g) = g**3 - 4*g**2 - 5*g - 3. Let d be v(5). Give u(d).
6
Suppose -4*a + 50 = 5*d, -2*d + a + 7 = -0*d. Let h(r) = -2*r**2 + 10*r - 7. Calculate h(d).
-19
Let b be ((-2)/(-14)*0)/(2 + 1). Let u(w) = -w**3 - 23. Calculate u(b).
-23
Let u(l) be the third derivative of -10*l**2 + 0 + l**3 + 1/24*l**4 + 0*l. Determine u(-6).
0
Let o(r) = r**2 + r + 8. Let q be o(0). Let h = q + -6. Let s(i) = -3 + 1 - 5*i - i**2 - h. Give s(-5).
-4
Let u be (2/(-5))/((-3)/15). Suppose -u*r - 3*i = 5, -r - i = 3*r + 5. Let h(g) = 7*g**3 + 2*g**2 + g. What is h(r)?
-6
Let i = 19 + -15. Let t(c) = c**3 - 5*c**2 + 5*c - 6. Determine t(i).
-2
Let t(s) = 3*s. Let q(i) = i**2 - 4*i - 7. Let x be q(5). Calculate t(x).
-6
Suppose 0 = -2*f + 7*f + 4*y - 41, 33 = 5*f + 2*y. Let h(c) = -2*c**2 + 6*c + 8. Let l(u) = u**2 - 3*u - 4. Let s(m) = 3*h(m) + 5*l(m). Determine s(f).
-6
Let w(u) = -2 - 1 - u**2 - u**2 + 7*u - 1. What is w(4)?
-8
Let a be (-2)/7 + (-384)/28. Let s(p) = p**3 + 14*p**2 - p - 10. Determine s(a).
4
Let h = -11 - -15. Suppose 5*c + h*m = -10, 0 = -5*m - 2 - 23. Let u be (c + -2)*(1 - 2). Let o(j) = -j**3 + j**2 - j - 5. Determine o(u).
-5
Let l(v) = -9*v**2 + v. Let a(k) = k + 2. Let c be a(6). Let t = 16 - c. Let n = t + -7. Determine l(n).
-8
Let r(q) = q**3 + 3*q**2 + 3*q + 7. Let b(p) = -3*p**3 - 8*p**2 - 8*p - 22. Let v(h) = 2*b(h) + 7*r(h). Determine v(-4).
1
Let v(m) be the third derivative of m**4/12 + 2*m**3/3 - 22*m**2. What is v(-5)?
-6
Let v(d) = -3*d - 11. Let n(h) = -h. Let r(g) = -2*n(g) + v(g). Calculate r(0).
-11
Let a(s) = 2 - 5*s + 14*s - 10*s. Give a(6).
-4
Let l(y) be the third derivative of -y**5/60 + 3*y**4/8 - 5*y**3/3 + 2*y**2. Let x be l(7). Let d(r) = -5 + r - 2*r - 2*r + x*r. Determine d(6).
1
Suppose 0 = -4*f + 8. Let i(j) = -j**f - j**2 - 3 + 3*j**2. Give i(-3).
6
Suppose 0 = -5*b + 4*w + 15, 4*b = -3*w - 2*w + 12. Let m(o) = o**3 - o**2 - o. Let n(t) = -3*t**2 + 3*t - 2. Let c(j) = -m(j) - n(j). Determine c(b).
5
Suppose -12 = -4*i, 3*i + 0*i = -f + 23. Suppose -2 + f = 3*u. Let c(j) = 1 - 5 + 3*j + 2 - 2*j. What is c(u)?
2
Let k(l) = 4*l**2 - 3*l + 3. Let o be 2/4 - (-18)/12. Determine k(o).
13
Let s(h) = -7 + 4 + 1 - h. What is s(-4)?
2
Suppose x + 15 = -2*m - 2*x, 0 = -2*m + 2*x. Let c be 0/(2 + 0/m). Let f(a) = -a + 1 - 2 + 3 + 3. Determine f(c).
5
Let v(p) = p**2 - 3*p + 1. Let m be v(4). Suppose -3*t = -l - 20, -2*t - 2*l = t - m. Let y(s) = t*s**2 + 3 - 1 - s - 1 - 2 - s**3. Calculate y(5).
-6
Let o(y) = 0 + 6*y - 1 - 3*y + y**2. Suppose 0*z - 4*z = 0. Let p be -5*(3 + z - 2). What is o(p)?
9
Let d(v) = -v**2 + 5*v + 6. Let x(m) = 2*m - 9. Let l be x(7). Determine d(l).
6
Let f(r) = 3*r**3 + 2*r**2 - r + 2. Let l(w) = -4*w**3 - w**2 - 1. Let u(z) = 3*f(z) + 2*l(z). Give u(-5).
-6
Let d = 77 + -76. Let p(u) = u**2 - u. Let l be p(2). Let x(w) = 3*w - l*w - 6*w. Determine x(d).
-5
Let v be 30/2*(-6)/(-15). Let s(q) = -q**2 + 6*q + 6. Calculate s(v).
6
Let r be 0/(-3)*1/2. Let x(b) = 11*b**3 - 11*b - 6. Let u = 4 - 1. Let i(n) = -4*n**3 + 4*n + 2. Let c(w) = u*x(w) + 8*i(w). Calculate c(r).
-2
Let m(z) be the third derivative of -z**5/60 + z**4/3 - 7*z**3/6 - z**2. Let f be 2/(-10) - (-279)/(-5). Let y be (-378)/f - (-3)/(-4). Calculate m(y).
5
Let f(y) = -y**2 + 9*y - 5. Let g be f(8). Let l(i) be the first derivative of -i**4/4 + 2*i**3/3 + i**2/2 - 1. Give l(g).
-6
Suppose -2*f = -f. Suppose 3*g + f*q + q - 17 = 0, 2*g = q + 3. Let u = g - 3. Let n(s) = 10*s**3 - 2*s**2 + 1. What is n(u)?
9
Let w(i) be the third derivative of i**5/60 + i**4/4 - 5*i**3/6 + i**2. Let n be w(-7). Let p(v) = -v - 3*v**2 - n*v**2 + v**2 + 3 - v**3. Determine p(-3).
-3
Let z be (22/55)/(1/15). Let q(m) = -m - 1. What is q(z)?
-7
Let a(c) = c**3 - c**2 - 3*c - 3. Let l(y) = -y**3 + 4*y**2 - 2*y + 6. Let b be l(4). What is a(b)?
-9
Suppose 0 = -5*k + 6 + 19, 2*f = 4*k - 16. Let l(o) = o - 4*o**2 - f*o**3 + 1 - 4*o + o**3. Determine l(-4).
13
Let z(w) = w**3 + 7*w**2 + 4*w + 2. Let m(j) = -6*j**3 - 37*j**2 - 21*j - 9. Let i(x) = -2*m(x) - 11*z(x). What is i(4)?
4
Suppose 0 = 2*h + 1 - 7. Suppose -4*u - l + 0 = -6, -5*u + h = -l. Let z(q) = 2*q + q + 5*q**2 + 1 - 5*q. What is z(u)?
4
Let n(o) = -3*o. Let w(r) = -4*r. Let g(u) = 5*n(u) - 4*w(u). Calculate g(-2).
-2
Let j(t) = -3*t + 1. Let b(d) = -d. Let x(o) = 2*b(o) - j(o). Calculate x(7).
6
Let n(g) = g. Let w be n(-4). Let j = w - -6. Let t(d) be the third derivative of d**5/30 - d**4/12 - d**3/6 + 4*d**2. Calculate t(j).
3
Suppose 3*s - 3*c - 27 = 0, -1 = -s + 3*c + 2. Let k = -6 + s. Let u(x) = x**2 - 5*x - 4. Determine u(k).
2
Let j(n) = n**2 - 2*n - 3. Let t be (-4)/((-8)/10) + -1. Give j(t).
5
Let t(q) = q**2 - 7*q - 13. Let n(m) = m**2 - 6*m - 12. Let y(c) = 7*n(c) - 6*t(c). Let o = 15 + -15. Give y(o).
-6
Let c(u) = 2*u - 1. Let h be c(-4). Let k = -5 - h. Let t(b) = -46*b**2 + 3*b - 1 + 0*b + 45*b**2. Give t(k).
-5
Let t(b) = 9*b**3 + 3*b**2 + 2*b - 3. Let d(g) = 4*g**3 + 2*g**2 + g - 2. Let q(w) = -5*d(w) + 3*t(w). Give q(-1).
-8
Let f(n) = -9*n + 7. Let k(b) = 13*b - 11. Let i(v) = -7*f(v) - 5*k(v). Let d = -50 - -55. Calculate i(d).
-4
Let d be (1 + -2)*(-2 - 1). Let w(i) = -1 + 4*i + 0*i**2 + 5*i**2 + i**2 + i**d. Suppose 11 + 5 = -4*g, -18 = 2*u + 2*g. Give w(u).
4
Let o(l) be the first derivative of l**6/120 + l**5/12 + 5*l**4/24 + l**3/3 + 3*l**2/2 - 3. Let u(r) be the second derivative of o(r). Give u(-3).
5
Let c(d) = d**3 + 3*d**2 - 2*d + 2. Let t = 10 - 6. Let k(a) = 2*a + 6. Let g be k(-7). Let q = g + t. Determine c(q).
-6
Let z(m) be the first derivative of -2*m**3/3 - m + 2. Let n = -3 + 6. Suppose 2*c + 3*s - n = -1, -2 = -2*c + s. What is z(c)?
-3
Let g(w) be th